{"id":286,"date":"2020-06-07T20:50:00","date_gmt":"2020-06-07T18:50:00","guid":{"rendered":"http:\/\/www.mimaservis.eu\/?page_id=286"},"modified":"2024-07-11T14:13:49","modified_gmt":"2024-07-11T14:13:49","slug":"nabidky-zamestnani","status":"publish","type":"page","link":"https:\/\/www.mimaservis.cz\/index.php\/nabidky-zamestnani\/","title":{"rendered":"Pracovn\u00ed p\u0159\u00edle\u017eitosti"},"content":{"rendered":"\n<figure class=\"wp-block-image size-large is-resized is-style-default\"><img loading=\"lazy\" src=\"https:\/\/www.mimaservis.cz\/wp-content\/uploads\/2021\/01\/pexels-fauxels-3184306-1024x682.jpg\" alt=\"\" class=\"wp-image-458\" width=\"696\" height=\"464\" srcset=\"https:\/\/www.mimaservis.cz\/wp-content\/uploads\/2021\/01\/pexels-fauxels-3184306-1024x682.jpg 1024w, https:\/\/www.mimaservis.cz\/wp-content\/uploads\/2021\/01\/pexels-fauxels-3184306-300x200.jpg 300w, https:\/\/www.mimaservis.cz\/wp-content\/uploads\/2021\/01\/pexels-fauxels-3184306-768x512.jpg 768w, https:\/\/www.mimaservis.cz\/wp-content\/uploads\/2021\/01\/pexels-fauxels-3184306-1536x1023.jpg 1536w, https:\/\/www.mimaservis.cz\/wp-content\/uploads\/2021\/01\/pexels-fauxels-3184306-2048x1365.jpg 2048w\" sizes=\"(max-width: 696px) 100vw, 696px\" \/><\/figure>\n\n\n\n<p>V sou\u010dasn\u00e9 dob\u011b nep\u0159ij\u00edm\u00e1me brig\u00e1dn\u00edky.<\/p>\n\n\n\n<p>Sv\u00e9 \u017eivotopisy a p\u0159\u00edpadn\u00e9 dotazy ohledn\u011b pracovn\u00edch pozic zas\u00edlejte na email <a href=\"mailto:info@mimaservis.cz\">marek.hrdlicka@mimaservis.cz<\/a><\/p>\n\n\n\n<p><\/p>\n","protected":false},"excerpt":{"rendered":"<p>V sou\u010dasn\u00e9 dob\u011b nep\u0159ij\u00edm\u00e1me brig\u00e1dn\u00edky. Sv\u00e9 \u017eivotopisy a p\u0159\u00edpadn\u00e9 dotazy ohledn\u011b pracovn\u00edch pozic zas\u00edlejte na email marek.hrdlicka@mimaservis.cz<\/p>\n","protected":false},"author":1,"featured_media":0,"parent":0,"menu_order":0,"comment_status":"closed","ping_status":"closed","template":"","meta":[],"yoast_head":"<!-- This site is optimized with the Yoast SEO plugin v15.5 - https:\/\/yoast.com\/wordpress\/plugins\/seo\/ -->\n<title>Pracovn\u00ed p\u0159\u00edle\u017eitosti - www.mimaservis.cz Spr\u00e1va nemovitost\u00ed<\/title>\n<meta name=\"description\" content=\"spr\u00e1vce, spr\u00e1va nemovitost\u00ed , p\u00e9\u010de o nemovitost, real estate, property management , spr\u00e1va byt\u016f\" \/>\n<meta name=\"robots\" content=\"index, follow, max-snippet:-1, max-image-preview:large, max-video-preview:-1\" \/>\n<link rel=\"canonical\" href=\"https:\/\/www.mimaservis.cz\/index.php\/nabidky-zamestnani\/\" \/>\n<meta property=\"og:locale\" content=\"cs_CZ\" \/>\n<meta property=\"og:type\" content=\"article\" \/>\n<meta property=\"og:title\" content=\"Pracovn\u00ed p\u0159\u00edle\u017eitosti - www.mimaservis.cz Spr\u00e1va nemovitost\u00ed\" \/>\n<meta property=\"og:description\" content=\"spr\u00e1vce, spr\u00e1va nemovitost\u00ed , p\u00e9\u010de o nemovitost, real estate, property management , spr\u00e1va byt\u016f\" \/>\n<meta property=\"og:url\" content=\"https:\/\/www.mimaservis.cz\/index.php\/nabidky-zamestnani\/\" \/>\n<meta property=\"og:site_name\" content=\"www.mimaservis.cz\" \/>\n<meta property=\"article:publisher\" content=\"https:\/\/www.facebook.com\/groups\/155085831221921\/about\" \/>\n<meta property=\"article:modified_time\" content=\"2024-07-11T14:13:49+00:00\" \/>\n<meta property=\"og:image\" content=\"https:\/\/www.mimaservis.cz\/wp-content\/uploads\/2021\/01\/pexels-fauxels-3184306-1024x682.jpg\" \/>\n<meta name=\"twitter:card\" content=\"summary_large_image\" \/>\n<meta name=\"twitter:label1\" content=\"Odhadovan\u00e1 doba \u010dten\u00ed\">\n\t<meta name=\"twitter:data1\" content=\"0 minut\">\n<script type=\"application\/ld+json\" class=\"yoast-schema-graph\">{\"@context\":\"https:\/\/schema.org\",\"@graph\":[{\"@type\":\"Organization\",\"@id\":\"https:\/\/www.mimaservis.cz\/#organization\",\"name\":\"MIMASERVIS s.r.o.\",\"url\":\"https:\/\/www.mimaservis.cz\/\",\"sameAs\":[\"https:\/\/www.facebook.com\/groups\/155085831221921\/about\"],\"logo\":{\"@type\":\"ImageObject\",\"@id\":\"https:\/\/www.mimaservis.cz\/#logo\",\"inLanguage\":\"cs\",\"url\":\"https:\/\/www.mimaservis.cz\/wp-content\/uploads\/2020\/03\/cropped-Vizitka-logo.jpg\",\"width\":348,\"height\":94,\"caption\":\"MIMASERVIS s.r.o.\"},\"image\":{\"@id\":\"https:\/\/www.mimaservis.cz\/#logo\"}},{\"@type\":\"WebSite\",\"@id\":\"https:\/\/www.mimaservis.cz\/#website\",\"url\":\"https:\/\/www.mimaservis.cz\/\",\"name\":\"www.mimaservis.cz\",\"description\":\"Spr\\u00e1va nemovitost\\u00ed Pardubice\",\"publisher\":{\"@id\":\"https:\/\/www.mimaservis.cz\/#organization\"},\"potentialAction\":[{\"@type\":\"SearchAction\",\"target\":\"https:\/\/www.mimaservis.cz\/?s={search_term_string}\",\"query-input\":\"required name=search_term_string\"}],\"inLanguage\":\"cs\"},{\"@type\":\"ImageObject\",\"@id\":\"https:\/\/www.mimaservis.cz\/index.php\/nabidky-zamestnani\/#primaryimage\",\"inLanguage\":\"cs\",\"url\":\"https:\/\/www.mimaservis.cz\/wp-content\/uploads\/2021\/01\/pexels-fauxels-3184306-1024x682.jpg\"},{\"@type\":\"WebPage\",\"@id\":\"https:\/\/www.mimaservis.cz\/index.php\/nabidky-zamestnani\/#webpage\",\"url\":\"https:\/\/www.mimaservis.cz\/index.php\/nabidky-zamestnani\/\",\"name\":\"Pracovn\\u00ed p\\u0159\\u00edle\\u017eitosti - www.mimaservis.cz Spr\\u00e1va nemovitost\\u00ed\",\"isPartOf\":{\"@id\":\"https:\/\/www.mimaservis.cz\/#website\"},\"primaryImageOfPage\":{\"@id\":\"https:\/\/www.mimaservis.cz\/index.php\/nabidky-zamestnani\/#primaryimage\"},\"datePublished\":\"2020-06-07T18:50:00+00:00\",\"dateModified\":\"2024-07-11T14:13:49+00:00\",\"description\":\"spr\\u00e1vce, spr\\u00e1va nemovitost\\u00ed , p\\u00e9\\u010de o nemovitost, real estate, property management , spr\\u00e1va byt\\u016f\",\"inLanguage\":\"cs\",\"potentialAction\":[{\"@type\":\"ReadAction\",\"target\":[\"https:\/\/www.mimaservis.cz\/index.php\/nabidky-zamestnani\/\"]}]}]}<\/script>\n<!-- \/ Yoast SEO plugin. -->","_links":{"self":[{"href":"https:\/\/www.mimaservis.cz\/index.php\/wp-json\/wp\/v2\/pages\/286"}],"collection":[{"href":"https:\/\/www.mimaservis.cz\/index.php\/wp-json\/wp\/v2\/pages"}],"about":[{"href":"https:\/\/www.mimaservis.cz\/index.php\/wp-json\/wp\/v2\/types\/page"}],"author":[{"embeddable":true,"href":"https:\/\/www.mimaservis.cz\/index.php\/wp-json\/wp\/v2\/users\/1"}],"replies":[{"embeddable":true,"href":"https:\/\/www.mimaservis.cz\/index.php\/wp-json\/wp\/v2\/comments?post=286"}],"version-history":[{"count":9,"href":"https:\/\/www.mimaservis.cz\/index.php\/wp-json\/wp\/v2\/pages\/286\/revisions"}],"predecessor-version":[{"id":809,"href":"https:\/\/www.mimaservis.cz\/index.php\/wp-json\/wp\/v2\/pages\/286\/revisions\/809"}],"wp:attachment":[{"href":"https:\/\/www.mimaservis.cz\/index.php\/wp-json\/wp\/v2\/media?parent=286"}],"curies":[{"name":"wp","href":"https:\/\/api.w.org\/{rel}","templated":true}]}}