{"id":552,"date":"2021-01-03T10:26:19","date_gmt":"2021-01-03T10:26:19","guid":{"rendered":"https:\/\/www.mimaservis.cz\/?page_id=552"},"modified":"2021-02-16T07:05:31","modified_gmt":"2021-02-16T07:05:31","slug":"ekonomicka-sprava-2","status":"publish","type":"page","link":"https:\/\/www.mimaservis.cz\/index.php\/ekonomicka-sprava-2\/","title":{"rendered":"Ekonomick\u00e1 spr\u00e1va"},"content":{"rendered":"\n<h4>Obsahuje n\u00e1sleduj\u00edc\u00ed \u010dinnosti:<\/h4>\n\n\n\n<ul><li>Evidenci \u00fahrad vlastn\u00edk\u016f na \u00fa\u010dtu spole\u010denstv\u00ed nebo vlastn\u00edka  ( bankovn\u00ed v\u00fdpisy, sipo, pokladna)<\/li><li>Evidenci dlu\u017en\u00edk\u016f, zas\u00edl\u00e1n\u00ed p\u0159ehledu dlu\u017en\u00edk\u016f k ruk\u00e1m v\u00fdboru dle nastaven\u00e9 \u010detnosti + upom\u00ednky dlu\u017en\u00edk\u016fm.<\/li><li>Evidov\u00e1n\u00ed seznamu vlastn\u00edk\u016f a jejich zm\u011bn.<\/li><li>Nastavov\u00e1n\u00ed z\u00e1loh na slu\u017eby dle po\u017eadavk\u016f vlastn\u00edk\u016f nebo v\u00fdboru.<\/li><li>Posouzen\u00ed skladby fondu.<\/li><li>1x ro\u010dn\u011b vyhotoven\u00ed vy\u00fa\u010dtov\u00e1n\u00ed slu\u017eeb<\/li><li>1x ro\u010dn\u011b distribuce vy\u00fa\u010dtov\u00e1n\u00ed slu\u017eeb ( dle tarifu bud p\u00edsemn\u00e1 forma a nebo elektronicky ) <\/li><li>Vypo\u0159\u00e1d\u00e1n\u00ed p\u0159eplatk\u016f a nedoplatk\u016f z vy\u00fa\u010dtov\u00e1n\u00ed slu\u017eeb.<\/li><li>P\u0159\u00edstup k bankovn\u00edmu \u00fa\u010dtu klienta pro import v\u00fdpis\u016f v \u00fa\u010detn\u00edm nebo elektronick\u00e9m form\u00e1tu.  <\/li><\/ul>\n\n\n\n<p><\/p>\n\n\n\n<h1>Administrativa<\/h1>\n\n\n\n<h4>Obsahuje n\u00e1sleduj\u00edc\u00ed \u010dinnosti:<\/h4>\n\n\n\n<ul><li>Vy\u0159izov\u00e1n\u00ed n\u011bkter\u00fdch \u010dinnost\u00ed za v\u00fdbor SVJ na z\u00e1klad\u011b zmocn\u011bn\u00ed<\/li><li>Posouzen\u00ed nastaven\u00ed zm\u011bny z\u00e1loh pro n\u00e1sleduj\u00edc\u00ed obdob\u00ed<\/li><li>Pomoc p\u0159i stanoven\u00ed v\u00fd\u0161e z\u00e1loh a celkov\u00e9 struktury.<\/li><li>Evidence term\u00edn\u016f reviz\u00ed spojen\u00fdch s chodem domu.<\/li><li>Konzultace dlouhodob\u00e9ho pl\u00e1nu oprav.<\/li><li>Kontrola z\u00e1pisu ze sch\u016fze <\/li><li>Pomoc s organizac\u00ed sch\u016fze SVJ term\u00edny, n\u00e1le\u017eitosti. <\/li><li>Zaji\u0161t\u011bn\u00ed komunikace podklad\u016f a smluvn\u00edch vztah\u016f s roz\u00fa\u010dtovac\u00ed firmou ( IRTN, vodom\u011bry ) <\/li><li>Zaji\u0161t\u011bn\u00ed nastaven\u00ed slu\u017eeb a komunikace s dodavatelem tepla.<\/li><li>Zastupov\u00e1n\u00ed klienta p\u0159i \u0159e\u0161en\u00ed pojistn\u00fdch ud\u00e1lost\u00ed a uzav\u00edr\u00e1n\u00ed pojistn\u00fdch smluv. (1x ro\u010dn\u011b v cen\u011b) <\/li><\/ul>\n\n\n\n<h5><strong>Slu\u017eby hrazen\u00e9 extra:<\/strong><\/h5>\n\n\n\n<ul><li><strong>Mo\u017enost zaji\u0161t\u011bn\u00ed<\/strong> podklad\u016f k \u017ealob\u011b + z\u00e1kladn\u00ed komunikace s pr\u00e1vn\u00edkem.<\/li><li>Mo\u017enosti zaji\u0161t\u011bn\u00ed po\u017e\u00e1rn\u00edch sm\u011brnic a domovn\u00edch \u0159\u00e1d\u016f<\/li><li>Zaji\u0161t\u011bn\u00ed roz\u00fa\u010dtov\u00e1n\u00ed z\u00e1lohov\u00fdch plateb za studenou vodu. <\/li><\/ul>\n\n\n\n<p><\/p>\n\n\n\n<h2>\u00da\u010detnictv\u00ed<\/h2>\n\n\n\n<h4>Obsahuje n\u00e1sleduj\u00edc\u00ed \u010dinnosti:<\/h4>\n\n\n\n<ul><li>Evidence doklad\u016f klienta.<\/li><li>Kontrola hrazen\u00ed p\u0159ijat\u00fdch faktur.<\/li><li>\u00da\u010detn\u00ed z\u00e1v\u011brka 1x ro\u010dn\u011b.<\/li><li>Spr\u00e1va o hospoda\u0159en\u00ed pro p\u0159edlo\u017een\u00ed vlastn\u00edk\u016fm na sch\u016fzi.<\/li><li>Z\u00e1kladn\u00ed kontrola p\u0159edchoz\u00edho \u00fa\u010detnictv\u00ed p\u0159i p\u0159ej\u00edm\u00e1n\u00ed od jin\u00e9ho spr\u00e1vce.<\/li><\/ul>\n\n\n\n<p><strong>Slu\u017eby hrazen\u00e9 extra:<\/strong><\/p>\n\n\n\n<ul><li>Vypracov\u00e1n\u00ed mezd v\u00fdboru. <\/li><li>Odesl\u00e1n\u00ed v\u00fdkaz\u016f na zdravotn\u00ed poji\u0161tovny a OSSZ.<\/li><li>Propl\u00e1cen\u00ed mezd p\u0159\u00edpadn\u011b vystaven\u00ed p\u0159ehledu \u00fahrad.<\/li><\/ul>\n\n\n\n<h2>Technick\u00e1 spr\u00e1va<\/h2>\n\n\n\n<h4>Obsahuje n\u00e1sleduj\u00edc\u00ed \u010dinnosti:<\/h4>\n\n\n\n<ul><li>Zaji\u0161t\u011bn\u00ed reviz\u00ed spojen\u00fdch s chodem domu ( jejich objedn\u00e1n\u00ed )<\/li><li>Archivace projektov\u00e9 dokumentace domu pro budouc\u00ed pot\u0159eby. <\/li><li>Kontrola domu n\u011bkolikr\u00e1t ro\u010dn\u011b v\u010detn\u011b posouzen\u00ed stavu. <\/li><li>Upozorn\u011bn\u00ed klienta na zji\u0161t\u011bn\u00e9 z\u00e1vady.<\/li><li>Vstupn\u00ed prohl\u00eddka p\u0159i p\u0159ej\u00edmce nemovitosti.<\/li><li>Zaji\u0161t\u011bn\u00ed nab\u00eddek na v\u00fdb\u011br dodavatele. <\/li><li>N\u00e1vrhy \u0159e\u0161en\u00ed oprav. <\/li><li>Asistence p\u0159i havarijn\u00edch oprav\u00e1ch<\/li><li>Kontrola proveden\u00fdch prac\u00ed. <\/li><\/ul>\n\n\n\n<h5>Slu\u017eby hrazen\u00e9 extra:<\/h5>\n\n\n\n<ul><li>Zaji\u0161t\u011bn\u00ed mont\u00e1\u017ee vodom\u011br\u016f a m\u011b\u0159idel tepla<\/li><li>Zaji\u0161t\u011bn\u00ed ode\u010dt\u016f m\u011b\u0159idel<\/li><li>Zaji\u0161t\u011bn\u00ed projek\u010dn\u00ed \u010dinnosti pro rozs\u00e1hl\u00e9 opravy.<\/li><li>Zaji\u0161t\u011bn\u00ed nonstop havarijn\u00ed slu\u017eby<\/li><li>Zaji\u0161t\u011bn\u00ed odstran\u011bn\u00ed z\u00e1vad z reviz\u00ed. <\/li><li>Zaji\u0161t\u011bn\u00ed pravideln\u00e9ho \u00faklidu v dom\u011b.<\/li><li>Zaji\u0161t\u011bn\u00ed oprav \u0159emesln\u00edky: voda, topen\u00ed, plyn, stavebn\u00ed opravy, v\u00fdmalby, elektroinstalace atd.  <\/li><\/ul>\n\n\n\n<p><\/p>\n\n\n\n<div class=\"wp-block-buttons\">\n<div class=\"wp-block-button\"><a class=\"wp-block-button__link\" href=\"https:\/\/www.mimaservis.cz\/index.php\/tarify\/\">N\u00e1vrat zp\u011bt na p\u0159ehled slu\u017eeb<\/a><\/div>\n<\/div>\n","protected":false},"excerpt":{"rendered":"<p>Obsahuje n\u00e1sleduj\u00edc\u00ed \u010dinnosti: Evidenci \u00fahrad vlastn\u00edk\u016f na \u00fa\u010dtu spole\u010denstv\u00ed nebo vlastn\u00edka ( bankovn\u00ed v\u00fdpisy, sipo, pokladna) Evidenci dlu\u017en\u00edk\u016f, zas\u00edl\u00e1n\u00ed p\u0159ehledu dlu\u017en\u00edk\u016f k ruk\u00e1m v\u00fdboru dle nastaven\u00e9 \u010detnosti + upom\u00ednky dlu\u017en\u00edk\u016fm. Evidov\u00e1n\u00ed seznamu vlastn\u00edk\u016f a jejich zm\u011bn. Nastavov\u00e1n\u00ed z\u00e1loh na slu\u017eby dle po\u017eadavk\u016f vlastn\u00edk\u016f nebo v\u00fdboru. Posouzen\u00ed skladby fondu. 1x ro\u010dn\u011b vyhotoven\u00ed vy\u00fa\u010dtov\u00e1n\u00ed slu\u017eeb 1x ro\u010dn\u011b <a class=\"more-link\" href=\"https:\/\/www.mimaservis.cz\/index.php\/ekonomicka-sprava-2\/\">\u010c\u00edst v\u00edce&#8230;<\/a><\/p>\n","protected":false},"author":1,"featured_media":0,"parent":0,"menu_order":0,"comment_status":"closed","ping_status":"closed","template":"","meta":[],"yoast_head":"<!-- This site is optimized with the Yoast SEO plugin v15.5 - https:\/\/yoast.com\/wordpress\/plugins\/seo\/ -->\n<title>Ekonomick\u00e1 spr\u00e1va - www.mimaservis.cz Spr\u00e1va nemovitost\u00ed<\/title>\n<meta name=\"description\" content=\"spr\u00e1vce, spr\u00e1va nemovitost\u00ed , p\u00e9\u010de o nemovitost, real estate, property management , spr\u00e1va byt\u016f\" \/>\n<meta name=\"robots\" content=\"index, follow, max-snippet:-1, max-image-preview:large, max-video-preview:-1\" \/>\n<link rel=\"canonical\" href=\"https:\/\/www.mimaservis.cz\/index.php\/ekonomicka-sprava-2\/\" \/>\n<meta property=\"og:locale\" content=\"cs_CZ\" \/>\n<meta property=\"og:type\" content=\"article\" \/>\n<meta property=\"og:title\" content=\"Ekonomick\u00e1 spr\u00e1va - www.mimaservis.cz Spr\u00e1va nemovitost\u00ed\" \/>\n<meta property=\"og:description\" content=\"spr\u00e1vce, spr\u00e1va nemovitost\u00ed , p\u00e9\u010de o nemovitost, real estate, property management , spr\u00e1va byt\u016f\" \/>\n<meta property=\"og:url\" content=\"https:\/\/www.mimaservis.cz\/index.php\/ekonomicka-sprava-2\/\" \/>\n<meta property=\"og:site_name\" content=\"www.mimaservis.cz\" \/>\n<meta property=\"article:publisher\" content=\"https:\/\/www.facebook.com\/groups\/155085831221921\/about\" \/>\n<meta property=\"article:modified_time\" content=\"2021-02-16T07:05:31+00:00\" \/>\n<meta name=\"twitter:card\" content=\"summary_large_image\" \/>\n<meta name=\"twitter:label1\" content=\"Odhadovan\u00e1 doba \u010dten\u00ed\">\n\t<meta name=\"twitter:data1\" content=\"2 minuty\">\n<script type=\"application\/ld+json\" class=\"yoast-schema-graph\">{\"@context\":\"https:\/\/schema.org\",\"@graph\":[{\"@type\":\"Organization\",\"@id\":\"https:\/\/www.mimaservis.cz\/#organization\",\"name\":\"MIMASERVIS s.r.o.\",\"url\":\"https:\/\/www.mimaservis.cz\/\",\"sameAs\":[\"https:\/\/www.facebook.com\/groups\/155085831221921\/about\"],\"logo\":{\"@type\":\"ImageObject\",\"@id\":\"https:\/\/www.mimaservis.cz\/#logo\",\"inLanguage\":\"cs\",\"url\":\"https:\/\/www.mimaservis.cz\/wp-content\/uploads\/2020\/03\/cropped-Vizitka-logo.jpg\",\"width\":348,\"height\":94,\"caption\":\"MIMASERVIS s.r.o.\"},\"image\":{\"@id\":\"https:\/\/www.mimaservis.cz\/#logo\"}},{\"@type\":\"WebSite\",\"@id\":\"https:\/\/www.mimaservis.cz\/#website\",\"url\":\"https:\/\/www.mimaservis.cz\/\",\"name\":\"www.mimaservis.cz\",\"description\":\"Spr\\u00e1va nemovitost\\u00ed Pardubice\",\"publisher\":{\"@id\":\"https:\/\/www.mimaservis.cz\/#organization\"},\"potentialAction\":[{\"@type\":\"SearchAction\",\"target\":\"https:\/\/www.mimaservis.cz\/?s={search_term_string}\",\"query-input\":\"required name=search_term_string\"}],\"inLanguage\":\"cs\"},{\"@type\":\"WebPage\",\"@id\":\"https:\/\/www.mimaservis.cz\/index.php\/ekonomicka-sprava-2\/#webpage\",\"url\":\"https:\/\/www.mimaservis.cz\/index.php\/ekonomicka-sprava-2\/\",\"name\":\"Ekonomick\\u00e1 spr\\u00e1va - www.mimaservis.cz Spr\\u00e1va nemovitost\\u00ed\",\"isPartOf\":{\"@id\":\"https:\/\/www.mimaservis.cz\/#website\"},\"datePublished\":\"2021-01-03T10:26:19+00:00\",\"dateModified\":\"2021-02-16T07:05:31+00:00\",\"description\":\"spr\\u00e1vce, spr\\u00e1va nemovitost\\u00ed , p\\u00e9\\u010de o nemovitost, real estate, property management , spr\\u00e1va byt\\u016f\",\"inLanguage\":\"cs\",\"potentialAction\":[{\"@type\":\"ReadAction\",\"target\":[\"https:\/\/www.mimaservis.cz\/index.php\/ekonomicka-sprava-2\/\"]}]}]}<\/script>\n<!-- \/ Yoast SEO plugin. -->","_links":{"self":[{"href":"https:\/\/www.mimaservis.cz\/index.php\/wp-json\/wp\/v2\/pages\/552"}],"collection":[{"href":"https:\/\/www.mimaservis.cz\/index.php\/wp-json\/wp\/v2\/pages"}],"about":[{"href":"https:\/\/www.mimaservis.cz\/index.php\/wp-json\/wp\/v2\/types\/page"}],"author":[{"embeddable":true,"href":"https:\/\/www.mimaservis.cz\/index.php\/wp-json\/wp\/v2\/users\/1"}],"replies":[{"embeddable":true,"href":"https:\/\/www.mimaservis.cz\/index.php\/wp-json\/wp\/v2\/comments?post=552"}],"version-history":[{"count":15,"href":"https:\/\/www.mimaservis.cz\/index.php\/wp-json\/wp\/v2\/pages\/552\/revisions"}],"predecessor-version":[{"id":661,"href":"https:\/\/www.mimaservis.cz\/index.php\/wp-json\/wp\/v2\/pages\/552\/revisions\/661"}],"wp:attachment":[{"href":"https:\/\/www.mimaservis.cz\/index.php\/wp-json\/wp\/v2\/media?parent=552"}],"curies":[{"name":"wp","href":"https:\/\/api.w.org\/{rel}","templated":true}]}}